se 2*s = d*s - 280. What is the greatest common divisor of s and 14?
14
Let o(g) = -g**2 + g + 2. Let d be o(2). Let l be (-1)/3*d - -2. Suppose -10 = l*q - 7*q. What is the highest common divisor of 5 and q?
1
Let i be ((-2)/4)/((-5)/30). Suppose -3*g + 2*g + r - 9 = 0, -4*r = -i*g - 25. Let n = 22 + g. Calculate the greatest common divisor of 77 and n.
11
Let w(b) = b**3 + b + 4. Let j be w(0). Suppose 5*k - 85 = -y, j*y = 2*k + y - 17. What is the greatest common divisor of 176 and k?
16
Suppose 3*q = 2*q + 220. What is the highest common divisor of 20 and q?
20
Suppose l = -2*l - 15. Let k be ((-3)/l)/(2/10). Suppose 0 = 5*g + j - 39 - 141, k*g = -j + 108. Calculate the greatest common factor of 9 and g.
9
Let l be (-4)/2 + -1 + 6. Let z(i) = -4*i**3 + 7*i + 3 + 3*i**l - 2*i. Let q be z(-3). What is the greatest common factor of 60 and q?
15
Suppose 676 = 26*p - 22*p. What is the greatest common factor of 26 and p?
13
Suppose -6 + 2 = -2*j. Suppose 0 = -3*f - f + 16. Suppose 5*v = -20, 36 = 4*q + q - f*v. What is the highest common factor of j and q?
2
Let s(h) = h**3 + 3*h**2 - 4*h - 1. Let r be s(-3). What is the highest common factor of r and 55?
11
Let y be 4*(27/6 - -2). What is the highest common factor of y and 234?
26
Let t(s) = 5*s**3 - 3*s**2 - 3*s + 4. Let a be t(2). Let p = 72 - 7. Calculate the greatest common factor of a and p.
13
Let l = 54 + -31. Let k = -3 + l. What is the greatest common factor of 20 and k?
20
Let p be -8*3*1/(-2). Let k be -4*-6*6/8. What is the highest common factor of k and p?
6
Let x = -3 + 5. Let d be 3/x*(-140)/(-15). What is the greatest common factor of d and 112?
14
Suppose 3*g - 15 = -i, -2*i - 5*g + 35 = 8. What is the greatest common factor of 15 and i?
3
Let n be (-16)/(3 - 4 - 1). Suppose -b = 3*i - 43, -i + 2*b + 18 = -n. Calculate the greatest common divisor of i and 24.
8
Suppose -2*b + 63 = -3*r, 38 = b + 7*r - 2*r. Calculate the greatest common divisor of b and 33.
33
Let p be 4 - 0 - (1 - -1). Suppose -49 = -5*y + 31. What is the greatest common divisor of y and p?
2
Let d(x) = -x + 1. Let g be d(1). Suppose g = 10*o - 9*o - 28. Let z be 21/((-2)/(-4)*1). Calculate the greatest common factor of z and o.
14
Let t be ((-110)/6)/(3/(-9)). Let f = t + -31. Calculate the highest common divisor of f and 264.
24
Suppose 2*s - 16 = -0. Let u be (-142)/(-6) + s/(-12). Let a = u + -14. Calculate the highest common factor of 63 and a.
9
Let u(a) = a**3 + 11*a**2 + 17. Let t be u(-10). What is the highest common divisor of t and 39?
39
Suppose 13*x - 5 = 8*x. Calculate the greatest common factor of x and 9.
1
Let t be 38/7 + (-51)/119. Calculate the highest common factor of 55 and t.
5
Let g be (-18)/(-99) - (260/(-22) - 3). Calculate the highest common divisor of 15 and g.
15
Let g = -19 - -23. Suppose -g*y = -38 - 146. Calculate the highest common divisor of 115 and y.
23
Suppose 0 = 5*d - 7 - 73. Calculate the greatest common divisor of 80 and d.
16
Let y(p) = p**3 + 2*p**2 - 4*p - 5. Let n be y(-4). Let j = n - -33. Calculate the greatest common divisor of 30 and j.
6
Let s(p) = p**3 + 8*p**2 + 5*p - 9. Let z be 25/(-4) - (-5)/20. Let k be s(z). What is the greatest common factor of 11 and k?
11
Let h be (-4)/(-10) - 40/(-25). Calculate the highest common divisor of 4 and h.
2
Suppose 0 = 3*d - 8*d + 480. Let s = 134 + -70. What is the highest common factor of s and d?
32
Let p(v) = v - 12. Let x be p(0). Let i(o) = 2*o**2 + 6*o. Let z be i(x). What is the highest common factor of 27 and z?
27
Suppose -3*c - 5*x + 20 = 0, -c + 8*x + 20 = 3*x. Let p be -2 + -10*2/(-4). Suppose p*l + 8 = 7*l. What is the highest common factor of c and l?
2
Suppose 15*m = 12*m + 81. Calculate the greatest common divisor of m and 9.
9
Let r = 4 - -6. Suppose -4*m - 40 = -5*m. Suppose -p - 6*f = -3*f - m, 3*f = 3*p - 120. Calculate the greatest common factor of r and p.
10
Let m = 122 + -58. Let x(a) = -3*a - 1. Let l be x(-3). What is the highest common divisor of m and l?
8
Let a = 6 + 12. Calculate the greatest common factor of a and 126.
18
Suppose 0*p = 5*g + 3*p + 641, -2*p = 2*g + 258. Let l = g + 213. Suppose l = y + 31. What is the greatest common factor of y and 11?
11
Let q = 52 + -34. Calculate the highest common divisor of 72 and q.
18
Suppose -2*r = g + g - 4, -12 = -3*g - r. Let u be -5 + (-1)/(-1) + 0. Let j = g + u. What is the greatest common divisor of j and 5?
1
Let y(q) = 4*q**2 + 2*q - 3. Let n be y(-3). Suppose -2*k + t + 14 = 0, 4*t = -t + 20. What is the greatest common divisor of k and n?
9
Suppose -i + 13 = -2*i - 5*v, -10 = 2*v. What is the highest common divisor of i and 12?
12
Suppose -a = 5*r - 0*a - 47, 4*a + 42 = 3*r. Let x(g) = g**3 - 8*g**2 - 5. Let m be x(8). Let n = r + m. Calculate the greatest common factor of 40 and n.
5
Let m(i) = -2*i - 1. Let a be m(-2). Let j be a/9*(19 - -2). What is the highest common divisor of 1 and j?
1
Suppose 2*x + 4 = 8, 220 = 4*d + 4*x. Calculate the highest common divisor of 424 and d.
53
Let j be 8/(-32) + (29/4 - 1). Suppose y + 3*i + 3 = -0*i, i + 25 = -3*y. Let c be (-123)/y - 4/j. What is the greatest common divisor of 52 and c?
13
Let s(a) = a**3 + 2*a**2 - 8*a - 2. Let x be s(-6). Let c = -156 - x. Let y = 85 + c. What is the highest common factor of y and 18?
9
Let c = 5 + -11. Let g = 24 + c. Calculate the greatest common divisor of 162 and g.
18
Suppose 1 - 11 = -2*y. Let x be (-60)/(-8)*4/y. Let c be (-54)/(-4)*52/x. What is the highest common factor of 13 and c?
13
Let y be 2*(-4)/((-16)/38). Suppose -y + 8 = -p. Calculate the greatest common factor of p and 121.
11
Let t be (0 - 3) + 1 + 51. Suppose x = -6 + 1, -5*x - t = -3*k. Let d be (-289)/(-4) + (-2)/8. Calculate the greatest common factor of k and d.
8
Suppose -36 = -2*q + 124. Suppose 4*c - 5*t - 145 = q, -2*t + 66 = c. Calculate the greatest common divisor of 6 and c.
6
Let x be (-3)/(0 - 3)*150. What is the highest common factor of x and 30?
30
Let n be -6*(2 - (-7)/(-2)). Let g = n + -4. Suppose -137 = -4*u - s, 6*s - 4*s + 6 = 0. What is the highest common divisor of u and g?
5
Let t be 3/2*100*5/10. What is the greatest common factor of 25 and t?
25
Let r be (5/2)/((-9)/(-18)). Suppose -423 = -r*s + q, -4*q + 549 = 5*s + 116. Calculate the highest common factor of 34 and s.
17
Let y = 24 - 15. Let j be 1*2 - (-237)/3. What is the highest common divisor of j and y?
9
Let t = -17 + 32. What is the greatest common factor of 6 and t?
3
Let r be 22/(-5) + 2/5. Let q be (-4 - r)*-1*1. Let l(c) = -c + 12. Let b be l(q). What is the highest common factor of b and 96?
12
Suppose -2*n = g - 94, -5*n + 3*g - 5*g + 236 = 0. Calculate the highest common divisor of n and 24.
24
Let i be (-35)/(-3) - 2/(-6). Let b be -1 + -2 + 2 + 5. Let u(m) = m**3 - 3*m**2 + 3*m + 2. Let n be u(b). What is the highest common factor of i and n?
6
Suppose 0 = 7*u - 389 - 3. What is the greatest common factor of 8 and u?
8
Let y = -43 - -91. What is the greatest common factor of 32 and y?
16
Let b(v) = -v**2 - 2*v + 7. Let h be b(-3). What is the highest common divisor of 8 and h?
4
Let x = -27 + 41. Let s(q) = -19*q**3 - q**2 + q + 1. Let j be s(-1). Let y = -11 + j. Calculate the greatest common divisor of y and x.
7
Let p = 18 + 1. Suppose -5*w + 331 = -p. What is the greatest common divisor of 10 and w?
10
Suppose 2*l + 41 = m, l - 57 - 80 = -4*m. Let t(u) = 6 - 2 - 2 + 4*u. Let s be t(3). What is the highest common factor of m and s?
7
Suppose -3*a - y + 6 = 0, 2*y - 3 = -a - 1. Let q = 5 - a. Suppose 4*s + 4 = -16, -q*f = -2*s - 34. Calculate the highest common divisor of 88 and f.
8
Let x = -6 + 10. Suppose 82 = 5*i + y + 12, -x*i + 2*y = -70. Suppose 8 = o + 2. What is the highest common factor of o and i?
3
Suppose -2*s + 46 = -0*s. What is the highest common divisor of s and 184?
23
Let b = -5 - -8. Suppose -35 = -2*a - b. Calculate the highest common divisor of 4 and a.
4
Let h be (-1 + -2)*484/(-3). Suppose -4*r + 176 = -h. Let a = -25 - -40. What is the highest common divisor of a and r?
15
Let h be (-2)/(-4) + 5/2. Calculate the greatest common divisor of 12 and h.
3
Let a(l) = -l + 28. Let b be a(7). Calculate the greatest common divisor of 84 and b.
21
Let w(s) = -s + 10. Let a be w